{"id":12,"date":"2022-10-25T13:44:54","date_gmt":"2022-10-25T13:44:54","guid":{"rendered":"http:\/\/advokatcarlsen.dk\/wordpress\/?page_id=12"},"modified":"2022-10-25T15:01:16","modified_gmt":"2022-10-25T15:01:16","slug":"virksomhedsoplysninger","status":"publish","type":"page","link":"https:\/\/advokatcarlsen.dk\/index.php\/virksomhedsoplysninger\/","title":{"rendered":"Virksomhedsoplysninger"},"content":{"rendered":"\t\t<div data-elementor-type=\"wp-page\" data-elementor-id=\"12\" class=\"elementor elementor-12\">\n\t\t\t\t\t\t<section class=\"elementor-section elementor-top-section elementor-element elementor-element-98e0442 elementor-section-boxed elementor-section-height-default elementor-section-height-default\" data-id=\"98e0442\" data-element_type=\"section\">\n\t\t\t\t\t\t<div class=\"elementor-container elementor-column-gap-default\">\n\t\t\t\t\t<div class=\"elementor-column elementor-col-100 elementor-top-column elementor-element elementor-element-4daff6f\" data-id=\"4daff6f\" data-element_type=\"column\">\n\t\t\t<div class=\"elementor-widget-wrap elementor-element-populated\">\n\t\t\t\t\t\t<div class=\"elementor-element elementor-element-7ab332b elementor-widget elementor-widget-text-editor\" data-id=\"7ab332b\" data-element_type=\"widget\" data-widget_type=\"text-editor.default\">\n\t\t\t\t<div class=\"elementor-widget-container\">\n\t\t\t\t\t\t\t\t\t<p>Christian G. Carlsen Advokat ApS er etableret p\u00e5 adressen Herlev Hovedgade 201A, 2.th., 2730 Herlev.<\/p><p>Christian G. Carlsen Advokat ApS er organiseret som\u00a0et advokatanpartsselskab med CVR-nr. 29 20 29 82.<\/p><p>Christian G. Carlsen Advokat ApS har klientbankkonti\u00a0med Danske Bank A\/S.<\/p><p>I tilf\u00e6lde af en banks konkurs f\u00e5r indskyderne d\u00e6kning i henhold til lov om garantiordning for indskydere og investorer. Garantiformuen d\u00e6kker en berettiget indskyders midler op til et bel\u00f8b svarende til 100.000 euro (ca. 750.000 kr.). D\u00e6kningsmaksimummet g\u00e6lder det samlede indskud i banken, selvom pengene st\u00e5r p\u00e5 forskellige konti, herunder p\u00e5 b\u00e5de klientbankkonti og egne konti.<\/p><p>Der g\u00e6lder s\u00e6rlige regler for indskud vedr. fast ejendom, hvis den faste ejendom har v\u00e6ret anvendt til eller er bestemt til hovedsageligt ikke-erhvervsm\u00e6ssige form\u00e5l. Her d\u00e6kkes bel\u00f8b op til 10 mio. euro, indtil 12 m\u00e5neder efter bel\u00f8bet blev indsat, og uanset om indskuddet st\u00e5r p\u00e5 en s\u00e6rskilt konti. N\u00e6rmere oplysninger om garantiordningen findes p\u00e5 Garantiformuens hjemmeside\u00a0<a href=\"http:\/\/www.gii.dk\/\">www.gii.dk.<\/a><\/p><p>Hos\u00a0Christian G. Carlsen Advokat ApS\u00a0er alene besk\u00e6ftiget advokat Christian G. Carlsen, der er beskikket af Justitsministeriet den 6. november 1978<\/p><p>Advokat Christian G. Carlsen\u00a0er omfattet af\u00a0virksomhedens ansvarsforsikring og garantiordning tegnet i\u00a0HDI SPECIALTY DANMARK. Ansvarsforsikringen d\u00e6kker al advokatvirksomhed ud\u00f8vet af Christian G. Carlsen Advokat ApS, uanset hvor advokatvirksomheden ud\u00f8ves.<\/p><p>Christian G. Carlsen Advokat ApS anvender ikke aftaleklausuler om lovvalg og\/eller v\u00e6rneting, medmindre dette aftales med klienten.<\/p><p>Advokat Christian G. Carlsen er omfattet af Advokatsamfundets tilsyns- og disciplin\u00e6rsystem og af reglerne om god advokatskik, jfr. retsplejelovens \u00a7 126. Herudover g\u00e6lder de advokatetiske regler, og alle regler, som g\u00e6lder for ud\u00f8velse af advokaterhvervet kan findes p\u00e5 Advokatsamfundets hjemmeside\u00a0<a href=\"http:\/\/www.advokatsamfundet.dk\/\">www.advokatsamfundet.dk<\/a>.<\/p><p>I tilf\u00e6lde af tvist om et sal\u00e6r og\/eller utilfredshed med advokatens adf\u00e6rd kan klienten klage til Advokatn\u00e6vnet, Kronprinsessegade 28, 1306\u00a0K\u00f8benhavn K,<\/p><p><a href=\"http:\/\/www.advokatnaevnet.dk\/\">www.advokatnaevnet.dk<\/a><\/p>\t\t\t\t\t\t\t\t<\/div>\n\t\t\t\t<\/div>\n\t\t\t\t\t<\/div>\n\t\t<\/div>\n\t\t\t\t\t<\/div>\n\t\t<\/section>\n\t\t\t\t<\/div>\n\t\t","protected":false},"excerpt":{"rendered":"<p>Christian G. Carlsen Advokat ApS er etableret p\u00e5 adressen Herlev Hovedgade 201A, 2.th., 2730 Herlev. Christian G. Carlsen Advokat ApS er organiseret som\u00a0et advokatanpartsselskab med CVR-nr. 29 20 29 82. Christian G. Carlsen Advokat ApS har klientbankkonti\u00a0med Danske Bank A\/S.<\/p>\n","protected":false},"author":1,"featured_media":0,"parent":0,"menu_order":0,"comment_status":"closed","ping_status":"closed","template":"","meta":{"footnotes":""},"class_list":["post-12","page","type-page","status-publish","hentry"],"_links":{"self":[{"href":"https:\/\/advokatcarlsen.dk\/index.php\/wp-json\/wp\/v2\/pages\/12","targetHints":{"allow":["GET"]}}],"collection":[{"href":"https:\/\/advokatcarlsen.dk\/index.php\/wp-json\/wp\/v2\/pages"}],"about":[{"href":"https:\/\/advokatcarlsen.dk\/index.php\/wp-json\/wp\/v2\/types\/page"}],"author":[{"embeddable":true,"href":"https:\/\/advokatcarlsen.dk\/index.php\/wp-json\/wp\/v2\/users\/1"}],"replies":[{"embeddable":true,"href":"https:\/\/advokatcarlsen.dk\/index.php\/wp-json\/wp\/v2\/comments?post=12"}],"version-history":[{"count":7,"href":"https:\/\/advokatcarlsen.dk\/index.php\/wp-json\/wp\/v2\/pages\/12\/revisions"}],"predecessor-version":[{"id":65,"href":"https:\/\/advokatcarlsen.dk\/index.php\/wp-json\/wp\/v2\/pages\/12\/revisions\/65"}],"wp:attachment":[{"href":"https:\/\/advokatcarlsen.dk\/index.php\/wp-json\/wp\/v2\/media?parent=12"}],"curies":[{"name":"wp","href":"https:\/\/api.w.org\/{rel}","templated":true}]}}